te the greatest common divisor of b and c.
7
Let l = -178 + 218. Calculate the highest common factor of 5 and l.
5
Let v(w) = -2*w**3 + 34*w**2 - 20*w - 17. Let l be v(16). Calculate the highest common divisor of 315 and l.
35
Let a be 12*20/(-6)*(-6)/16. What is the greatest common factor of a and 85?
5
Let w(r) = 3*r + 34. Let m be w(-18). Let s be 27*(-5)/m*8. What is the highest common factor of s and 9?
9
Let a(m) = -m**2 - 6*m - 3. Let p be a(-2). Suppose g = 13 + p. What is the greatest common divisor of g and 9?
9
Suppose d = 5*b + 251 + 24, d + b = 269. Calculate the highest common factor of 50 and d.
10
Let y be (2 - 52/28) + (-2375)/(-35). Let q = 178 - y. What is the greatest common factor of q and 10?
10
Suppose 4*x + 87 = -3*y, y = 4*x - 3*y + 52. Let h be -1*x/12*40/6. Calculate the highest common factor of 120 and h.
10
Let p be (174/(-9))/((-1)/3*1). Calculate the greatest common divisor of 406 and p.
58
Suppose 16*t - 2637 = -653. What is the highest common divisor of 4 and t?
4
Let a(n) = n**2 - 9*n + 13. Let m be a(10). Suppose 26*p = 27*p - m. Calculate the highest common factor of 69 and p.
23
Suppose -23*b - 26*b = -1568. What is the greatest common factor of b and 368?
16
Let k be ((-3)/(-2))/((-746)/376 - -2). Suppose -10 = -k*v + 93*v. Calculate the highest common divisor of 10 and v.
10
Suppose -l - 172 = -v + 591, -3*l = 9. Calculate the highest common divisor of 120 and v.
40
Let k(t) = -8*t**2 + 6*t + 297. Let l be k(0). Calculate the greatest common divisor of 66 and l.
33
Suppose -13*u = -10*u + 12, -10 = 3*b + 4*u. What is the highest common divisor of 14 and b?
2
Let q be -2 + 15/1 + -2. Let f = q - 4. Let h = 11 + -4. Calculate the highest common factor of f and h.
7
Suppose -g - 5 = 1. Let r(u) = u**3 + 6*u**2 - 7*u - 1. Let d be r(g). Let h = d - 17. What is the greatest common divisor of h and 3?
3
Let i = -1541 + 3725. What is the highest common divisor of i and 14?
14
Let a be (-4)/18 - (-238)/18. Let q = a + -7. Calculate the highest common divisor of 6 and q.
6
Suppose -100 = -y - 4*y. Let l(r) = r**2 + 2*r - 352. Let f be l(-20). Calculate the highest common divisor of y and f.
4
Suppose 5*c = 9 + 131. Suppose -f + 71 = -153. What is the highest common divisor of f and c?
28
Let a = 38 - -88. Calculate the greatest common factor of a and 4.
2
Suppose 311 = 7*s + 45. What is the highest common factor of s and 608?
38
Let n = 15909 - 15893. Suppose 0 = j + 3*j - 16. Suppose 4*x = 3*x + j. Calculate the greatest common factor of n and x.
4
Suppose 7*y + 780 = 37*y. Calculate the highest common divisor of y and 598.
26
Let q(v) = v + 8. Let f be q(-10). Let z be f/(-11) + (-9)/(396/(-344)). What is the greatest common divisor of z and 20?
4
Let r(a) = -2*a**3 + 49*a**2 + 28*a - 3. Let k be r(25). What is the highest common factor of k and 171?
9
Let j(o) = -o - 12. Let n be j(-7). Let m(s) = -11*s + s**2 + 5 - 4*s - s + 21*s. Let d be m(n). Calculate the highest common factor of 5 and d.
5
Suppose 0 = 4*i + 17 + 23. Let f be -4 + (-616)/(-20) - 2/i. What is the greatest common divisor of 63 and f?
9
Let k(r) be the second derivative of -3*r**5/10 - r**2/2 - 7*r. Let c be k(-1). Suppose c*p - 42 = 3. Calculate the highest common factor of 9 and p.
9
Let v = -149 + 212. Suppose 4*x - 6 = -0*l - 2*l, -4*l - 4*x = -12. Suppose -u + 2*s = -l, 5*u + 5 - 35 = 5*s. Calculate the greatest common divisor of u and v.
9
Suppose 2*p - 250 = 22. Let i = p - -56. Calculate the greatest common factor of 24 and i.
24
Let w be (16/10 + -2)/(44/(-660)). What is the greatest common divisor of 411 and w?
3
Let o(g) = g + 16. Let h be o(0). Suppose h = 5*x - 4*x. What is the highest common divisor of 16 and x?
16
Suppose 3*c - 4 = 17. Let h(w) = w - 3*w + 0*w + w + 4. Let u be h(-10). What is the greatest common factor of u and c?
7
Let w(p) = -3*p + 18. Let a be w(-14). What is the greatest common factor of a and 30?
30
Suppose -4*s = -453 - 587. What is the greatest common divisor of 39 and s?
13
Let m(a) = a + 14. Let u be m(-7). Let i(y) = 3 + y**2 - 4*y - 5*y**2 + u*y**2 - 2. Let j be i(3). What is the highest common factor of 24 and j?
8
Let f = -253 - -319. Calculate the highest common factor of f and 6.
6
Suppose 3*g + 58 - 73 = 0. Suppose 0 = 4*l - k - 156, 0 = 2*l + 4*k - 101 + g. What is the highest common divisor of 20 and l?
20
Suppose 5 = 5*c - 0*c. Let z be ((-3)/9)/(c/(-93)). Suppose 23 = -k + 116. What is the greatest common divisor of z and k?
31
Let a = 381 + -226. Calculate the greatest common divisor of a and 31.
31
Let u be (-390)/(-33) - -3*(-4)/(-66). What is the greatest common divisor of 66 and u?
6
Suppose 3*d = t - 3*t, 0 = 3*t + 5*d + 1. Let f be 43/t*(3 + (2 - 2)). Calculate the greatest common divisor of 43 and f.
43
Suppose 5*t - 4*t = 15. Suppose -3*f + 173 = 158. Calculate the greatest common divisor of t and f.
5
Suppose -3*i = -0*w + 4*w + 3, 0 = -5*w - 2*i - 2. Let z = w - -6. Calculate the greatest common divisor of z and 42.
6
Suppose -162 = -4*h + 5*k, k = -4*h + 4*k + 166. What is the highest common divisor of 344 and h?
43
Let z be (-1 - 3)*10/(-20). Let i = 17 + -32. Let m be 12/i*30/(-4). What is the highest common factor of z and m?
2
Let b = 27 + -15. What is the highest common factor of b and 492?
12
Let z = -141 - -143. What is the highest common factor of 6 and z?
2
Suppose -3*q - 2 + 7 = 2*i, -5*q - 2*i + 7 = 0. Suppose 76 = f - 0*t + 2*t, -t = q. What is the greatest common divisor of f and 26?
26
Let q be 86119/165 + 5/75. What is the greatest common divisor of 18 and q?
18
Let n = 11 - 2. Let b be 36/8 + 3/(-6). Suppose b*y + 80 = n*y. Calculate the highest common factor of 40 and y.
8
Let v(a) = a**3 - 14*a**2 + 6*a - 33. Let n be v(14). Let g be (-28)/(-6) + -1 - 28/42. Calculate the greatest common divisor of g and n.
3
Let t be 84 - 61 - (1 - 6). Let c = 102 + -60. What is the highest common divisor of t and c?
14
Let r(y) = 5 + 5 - 13 + 15*y - 3*y. Let q be r(8). What is the greatest common factor of 31 and q?
31
Let g be (305/(-2))/((-20)/16). Calculate the highest common factor of g and 2.
2
Let p be 14/2 + (86 - 66). What is the highest common factor of 180 and p?
9
Let h = -570 - -762. Calculate the highest common divisor of 208 and h.
16
Let c = 1368 - 1232. What is the greatest common divisor of 374 and c?
34
Suppose 0 = -5*v - 5, -4*v + 97 = u + 26. Let b = 23 + -8. Calculate the greatest common factor of b and u.
15
Let w be ((-50)/120*3)/((-1)/160). Calculate the highest common factor of 25 and w.
25
Let r = 224 - 43. Let v = r - 129. Calculate the highest common divisor of v and 130.
26
Suppose 0 = -2*c - 4*g + 128 + 52, 2*c + g - 171 = 0. Calculate the highest common factor of c and 210.
42
Suppose -1196 - 2444 = -28*k. Calculate the highest common divisor of k and 260.
130
Let z(n) = 4*n + 24. Let u be z(-8). Let t be (124/u - -3)*72/(-20). What is the highest common divisor of 9 and t?
9
Let b = 310 - 258. Calculate the greatest common divisor of 260 and b.
52
Let r(o) = 2*o**2 + 6*o - 8. Let a be r(-6). Let q = 76 - a. Let b = 66 - 50. Calculate the greatest common divisor of b and q.
16
Suppose 275 = 2*w - 5*r, -4*r = 8*w - 10*w + 270. Calculate the highest common divisor of 100 and w.
25
Let a = -6 - -8. Let m be a*(-3)/2 - -6. What is the highest common factor of m and 6?
3
Suppose -442*j + 1134 = -435*j. What is the greatest common divisor of j and 36?
18
Suppose 3*a + 5*f - 51 = -9, 0 = -a - 3*f + 14. Let s(j) = 10*j + 314. Let i be s(-9). Calculate the highest common factor of a and i.
14
Let g = 551 + -487. Calculate the greatest common factor of g and 28.
4
Suppose 4*n = -70 + 82. Let u(c) = c + 1. Let i be u(1). Let h be (-5)/((-5)/i) + 25. What is the greatest common divisor of h and n?
3
Suppose 87*n - 260 = 77*n. What is the highest common factor of 4342 and n?
26
Let u(j) = j**2 + 2*j + 1. Let n be u(-5). Let i = 383 - 151. Let h = i + -56. What is the highest common divisor of n and h?
16
Let x(m) = m**2 - 3*m - 14. Suppose 0 = -3*r + 5*t - 25, 3*r = -3*t - 4 - 5. Let w be x(r). What is the highest common divisor of w and 39?
13
Let c be 270/75*(92 - (2 + 0)). Calculate the greatest common factor of c and 12.
12
Let i be (-1)/3 - 7320/(-